 - -6. Determine y(a).
-2
Let t(v) = -2*v**2 + 2*v + 1. Suppose -26*l + 25*l + 2 = 0. Let c be l/9 - -71*(-2)/(-9). Suppose -4*i + 6*i = -4*a - c, 2*i - 19 = 3*a. What is t(i)?
-3
Let m(t) = t**2 - 24*t - 177. Suppose 96*p - 1135 = 1745. What is m(p)?
3
Let f(d) = -4*d**3 + 8*d**2 - 9*d - 4. Let k(b) = 5*b**3 - 10*b**2 + 14*b + 6. Let h(p) = -4*f(p) - 3*k(p). Determine h(4).
6
Let u(x) = -5 - 11 - 4*x + 6 + 34. Let a be u(4). Let c(l) = l**3 - 9*l**2 + 6*l + 9. Give c(a).
-7
Suppose 4*b + b = 50. Let p = -1158 - -1161. Let h(v) = -239*v**2 - p + 238*v**2 - 124*v + 133*v. What is h(b)?
-13
Let z(w) = -w - 25. Let r be z(-27). Let s(a) = 3*a**3 - 196 + 11*a**2 - r*a**3 + 402 - 199 + a. What is s(-11)?
-4
Let h(i) = i**3 + 3*i**2 - i - 4. Suppose 5*u - 3*u = -5*d - 703, -3*d - 1399 = 4*u. Let f = -352 - u. Give h(f).
-1
Let j(n) = -n**3 - n**2 - 1. Let q = -56 - -59. Suppose 0 = v + 3*p - 8, -q*v - 4*p + 14 = -0*p. Determine j(v).
-13
Let r(k) be the first derivative of -k**3/3 - 2*k**2 - 3*k + 9062. Let c(v) = -v**2 - 3*v. Let m be c(-4). Give r(m).
-3
Let u(w) = -w**3 + 23*w**2 + 25*w - 30. Suppose 0*j + 577 = 5*j + 2*a, 2*a + 593 = 5*j. Let i = j + -93. Let c be u(i). Let h(x) = -x**2 - 6*x. Determine h(c).
0
Let z(w) = w**2 + 4*w - 3. Let g(p) be the third derivative of 3*p**4/8 - 11*p**3/2 - 5*p**2. Let h be g(-7). Let s = 92 + h. Calculate z(s).
-3
Let y(g) = -2*g**2 + 42*g - 180 + 51 + 12*g - 8*g + g**2. Determine y(43).
0
Let h(m) = -8*m + 27*m**3 + 31*m**3 - 2*m**2 - 59*m**3 + 12*m**2. Calculate h(7).
91
Let w = 12 - 10. Let b(j) = -8*j - j**w - 20 + 9 + 7 + 7. What is b(-7)?
10
Let n(w) be the second derivative of -w**6/120 + w**5/12 - w**3/6 + 48*w**2 + 27*w. Let f(c) be the first derivative of n(c). Determine f(5).
-1
Let j(u) = u**3 + 14*u**2 + 13*u - 16. Let d be j(-12). Let a(m) = -123*m**2 + d*m**2 + 1 - 2. Suppose 0 = -2*h - 3*h - s + 5, s + 2 = 2*h. Calculate a(h).
-8
Let c(a) = -31*a**3 + a + 1. Suppose -11*m + 10 = -45. Suppose q + 11 = -2*v, 0 = m*q - v + 2*v + 10. Determine c(q).
31
Let g(v) = -v. Let a(f) = -11*f + 4. Let p(q) = -q**2 + 14*q - 4. Let d(t) = -4*a(t) - 3*p(t). Let s be d(-2). Give g(s).
-4
Let j be (-2 + (-15)/(-5))/((-276)/1380). Let r(f) be the first derivative of -f**3/3 + f + 1. Calculate r(j).
-24
Let c(h) be the third derivative of h**5/60 + 13*h**4/24 + 13*h**3/2 - 56*h**2 - 2*h + 17. Give c(-6).
-3
Let t = 69 + -69. Suppose -5*q = -11 - 14. Suppose t = q*d + 30 - 10. Let v(j) = j**2 + 5*j. Calculate v(d).
-4
Let x be (-3)/18 + (-1)/(-6). Suppose x = -4*b + 5 + 7. Let u(h) = -h**2 - 5 - h - h**2 + 8 + 2*h. What is u(b)?
-12
Let f(y) = -y**3 - 3*y. Suppose o - 3 = -7*p + 6*p, 2*p = 4*o + 24. Suppose -1 - 11 = p*h. Let w(n) = -n**3 - 7*n. Let v(g) = h*w(g) + 5*f(g). Calculate v(1).
-4
Let k(j) be the first derivative of -j**2/2 - 8*j - 2. Suppose 2*s - 5*y - 35 = 0, -6*y + 11*y - 5 = -2*s. Suppose 15*q + 30 = s*q. Calculate k(q).
-2
Let o(t) be the third derivative of 7/2*t**3 + 0*t + 0 - 2/3*t**4 + 1/60*t**5 - 11*t**2. Let q be o(15). Let a(s) = 2*s + 2. Determine a(q).
14
Let l = -4371 + 4372. Suppose 4 = 3*c - 2*c. Let g(k) = -k + 1. Let h(m) = -8*m + 9. Let i(f) = c*h(f) - 36*g(f). Calculate i(l).
4
Let w(c) = -11*c - 46. Let h(g) = 5*g + 24. Let o(a) = 7*h(a) + 3*w(a). Determine o(-19).
-8
Let w(n) = n**3 + 9*n**2 + 6*n - 10. Let b = 6538 - 6546. Determine w(b).
6
Let d(i) be the second derivative of i**4/12 - 5*i**3/3 + 5*i**2 - 208*i. Suppose 0 = o - 5*a - 10, 0 = -4*o - 5*a + 40. What is d(o)?
10
Let l(k) = -17*k + 2. Let u(h) = 34*h - 3. Let x(z) = 5*l(z) + 3*u(z). Let w = -3424 - -3425. Calculate x(w).
18
Let a(p) be the first derivative of p**4/4 - 23*p**3/3 - 23*p**2/2 - 19*p + 5959. Calculate a(24).
5
Let a(k) = -k - 3. Let s(m) = 11*m**2 - 4*m**2 - 2*m + 6*m - 5*m. Let f be s(1). Suppose f*i + 1 - 19 = 0. Determine a(i).
-6
Let s(q) be the third derivative of -1/6*q**3 + 2*q**2 + 0*q + 1/3*q**4 + 0. Let g = 259080 - 259081. Give s(g).
-9
Suppose 0 = c + 3*n - 5 + 14, 0 = -n - 5. Suppose -35*g + c = -32*g. Let y(v) = 2*v + 1. Determine y(g).
5
Let g(o) = -17*o**2 + 14*o + 17. Suppose -5*i - 3*a + 1 = 0, -5*i + 4*a = 3*a - 13. Let d(w) = 4*w**2 - 4*w - 4. Let m(l) = i*g(l) + 9*d(l). Calculate m(6).
22
Let y(t) = t + 1. Suppose -13*v + 1219 = -2018. Let j = v + -244. Give y(j).
6
Suppose -4*r + 68 = -3*x, 15*r + x = 13*r + 34. Let m(g) = g - 18 + 52 - 18 - 15 - r*g**2. Determine m(-1).
-17
Let r(d) = 4*d + 10. Let w(k) = 4*k**3 - 103*k**2 - 28*k + 47. Let l be w(26). Determine r(l).
-10
Suppose 4*d + j - 13 = 0, 4*j = d + 7*j - 6. Let x be d - (2 + 2 - -4). Let y(p) = p**2 + 5*p + 1. Let n(v) = -1. Let q(m) = 5*n(m) - y(m). Determine q(x).
-6
Let r(w) = -w**2 - 12*w - 40. Let m be (1 + -8)*(438/(-2555))/(2/(-10)). Calculate r(m).
-4
Let z(k) be the first derivative of -k**3/3 + 14*k**2 - 141*k + 5735. Give z(7).
6
Let a(f) = -2*f**3 - 19*f**2 - 43*f - 18. Let t(k) = 3*k**3 + 29*k**2 + 65*k + 28. Let i(g) = -7*a(g) - 5*t(g). Give i(-10).
26
Suppose -14*r = 59 + 282 - 75. Let w(m) = -4*m - 21. Determine w(r).
55
Let a = -256418 + 256421. Let p(x) = x**3 - 9*x**2 + 7*x + 11. Let z be p(8). Let w(s) = -3*s + 0*s + 4*s - z. What is w(a)?
0
Let y be 12/(-21) + 1 + 3068/(-364). Let a(g) = -2 - g + 1 - 3. Calculate a(y).
4
Suppose 120 = -15*g + 21*g. Let v be (-14)/4*(-1)/(-1)*-2. Suppose -g = -v*d + 2*d, -3*r - 2*d = -20. Let t(q) = q**2 - 5*q. Determine t(r).
-4
Let d(t) = 1 + 0*t**3 - 5 - t**3 + 4*t**2 - 8*t + 10*t. Suppose -5*g - 27 = -0*j - 3*j, 2*g = 2*j - 18. Let m = j + -4. Give d(m).
-19
Let h(n) = -22*n**2 + 63*n - 404. Let s(i) = -10*i**2 + 31*i - 184. Let b(c) = -6*h(c) + 13*s(c). Give b(-11).
-1
Let t(c) be the second derivative of -c**6/240 + 3*c**5/40 - 13*c**4 + 23*c. Let n(h) be the third derivative of t(h). Give n(13).
-30
Let t(p) = -38*p**3 + 3*p**2 + p - 1. Let j be t(-1). Let a = j + -42. Let s(c) = c**2 + 4*c - 3. Let l be s(a). Let k(z) = z + 1. Calculate k(l).
-5
Let f(q) = -11 + 2*q - 17*q**3 + 29*q**3 + 13 - 34*q**2 + 37*q**2 - 13*q**3. Suppose 3*k - 4*m = 13, 5*k - 3*m = -4*m + 14. What is f(k)?
8
Suppose x - 8 = -3. Suppose -2*y + 16 = x*m, -2*m + 3 = -2*y + 5. Let n(w) be the second derivative of -5*w**3/6 + 3*w**2/2 + 17*w. Determine n(y).
-12
Let p(y) = -144*y - 106. Let b(t) = -45*t. Let i(z) = 4*b(z) - p(z). Give i(3).
-2
Let p(r) = -61*r**3 - 11*r**3 + 5 + 73*r**3 + 2*r + 6*r**2 - 13. Determine p(-5).
7
Let f(m) = 3*m**3 + 1239*m**2 + 1246*m**2 - 2478*m**2 + 2 + 5*m. Calculate f(-4).
-98
Suppose 5*d - 80 = 2*c, -2*d + 23 - 7 = -4*c. Let y(r) = d + 2 + 0*r + r. Give y(-10).
10
Let c(z) be the second derivative of -3 - 1/6*z**3 + 7/2*z**2 + 40*z. Give c(0).
7
Let n = -8 + 14. Let x(i) be the third derivative of 1/8*i**4 - 16*i**2 + 0*i - 1/2*i**3 - 1. What is x(n)?
15
Suppose z = -0*o - 3*o + 319, 0 = -z + o + 331. Suppose 0 = 3*a - a + 4*n - 192, 2*n = 3*a - z. Let h(x) = a*x**3 - 218*x**3 + 113*x**3 - 9 + x. Determine h(0).
-9
Let z(d) be the second derivative of 3*d**4/4 + 6*d**3 + 3*d**2/2 + 420*d. What is z(-2)?
-33
Let o(s) = s - 7*s - 16 + 2*s + 2*s. Let q = -4682 - -4675. Give o(q).
-2
Let a(l) = -l**3 - 3*l**2 + l. Let f = -1 - 2. Let v be a(f). Let r(u) be the third derivative of -u**5/60 - u**4/8 + u**3/2 + 763*u**2 - 9. Determine r(v).
3
Let d be 11/((-110)/(-24))*-5. Let c(n) = 13*n - 308*n**2 + 15 + 627*n**2 - 318*n**2. What is c(d)?
3
Suppose -4*c = -j - 147, 2*c + 11*j = 14*j + 61. Let m(b) = 2*b**3 - 76*b**2 - b + 27. Let d be m(c). Let q(y) = -y - 2. What is q(d)?
9
Let c(h) be the third derivative of -11*h**4/24 + 82*h**3/3 + 2*h**2 - 898. Determine c(15).
-1
Let m be 6/(-10) - (-72)/20. Let p be m + (-3 - -1)*-2. Let f(z) = -5*z**3 - 1 + 1756*z**2 - 1749*z**2 + 4*z**3. Give f(p).
-1
Let q be 4/18 + ((-1192)/18 - -10). Let b be (-24)/7 + (-24)/q. Let d(j) be the first derivative of -j**2/2 + 4*j - 1. Calculate d(b).
7
Let o(b) = 12*b - 12. Suppose -5*w + 4*a = -25, 5*a + 2 - 22 = -4*w. Let r be o(w). Suppose -7*s = 22 + r. Let g(t) = t**3 + 9*t**2 - 9*t + 8. Determine g(s).
-2
Let z(j) = -3*j**2 - 13*j + 34. Suppose -290*l = -576*l - 1716. Determine z(l).
4
Let a(j) be the third derivative of j**5/10 + j**4/3 - 5*j**3/6 + 6*j**2 - j. Let x(g) = 